889717 prime?
True
Is 16251743 composite?
False
Is 13773245 a prime number?
False
Is 9151789 a composite number?
True
Is 365737 a composite number?
True
Is 16706 a composite number?
True
Is 8428403 a prime number?
True
Is 4434449 prime?
True
Is 51451051 a prime number?
False
Is 133214333 composite?
True
Is 473647 prime?
True
Is 343443161 a composite number?
False
Is 439791701 prime?
True
Is 426625181 a composite number?
True
Is 430112797 composite?
True
Is 3666479 composite?
True
Is 350347 prime?
True
Is 3649199 a prime number?
False
Is 5250326 a prime number?
False
Is 620251 a composite number?
False
Is 23728009 a composite number?
False
Is 10118377 a composite number?
False
Is 4914229 a prime number?
False
Is 54211169 a composite number?
False
Is 5850049 composite?
False
Is 63239897 composite?
True
Is 99929881 a composite number?
False
Is 127866251 a prime number?
False
Is 5930419 a composite number?
True
Is 88324837 a prime number?
True
Is 27259 a composite number?
False
Is 6128531 a prime number?
True
Is 54846893 composite?
False
Is 7284569 a prime number?
True
Is 3943703 composite?
False
Is 5080259 prime?
True
Is 439483 composite?
True
Is 162160441 prime?
False
Is 1664489 composite?
True
Is 8841017 a composite number?
False
Is 1408073 a prime number?
False
Is 38961107 a composite number?
True
Is 5799973 a prime number?
False
Is 126211259 composite?
True
Is 102036803 composite?
True
Is 7184245 a composite number?
True
Is 244400113 a prime number?
True
Is 311118913 composite?
True
Is 7240753 a prime number?
False
Is 55150409 prime?
True
Is 41678701 prime?
True
Is 261640859 a prime number?
True
Is 3605137 a composite number?
True
Is 679153 a composite number?
False
Is 269293543 a prime number?
True
Is 7117823 composite?
False
Is 120486921 prime?
False
Is 62257483 composite?
False
Is 907054 prime?
False
Is 113545 a composite number?
True
Is 10301 prime?
True
Is 4893151 a prime number?
True
Is 72434471 composite?
False
Is 1635079 prime?
True
Is 1957573 a composite number?
False
Is 13674047 prime?
True
Is 684091 a composite number?
False
Is 383841901 composite?
True
Is 12193927 prime?
False
Is 33046889 composite?
False
Is 105843013 a prime number?
False
Is 3768697 composite?
False
Is 52614851 a prime number?
False
Is 7730306 prime?
False
Is 206971507 a composite number?
False
Is 5740069 a composite number?
True
Is 49069019 a composite number?
True
Is 1272167 a composite number?
True
Is 4173847 composite?
False
Is 5421671 a prime number?
False
Is 3151709 prime?
False
Is 5204789 a prime number?
True
Is 728404129 composite?
False
Is 5300447 prime?
False
Is 59159 prime?
True
Is 3504697 a prime number?
False
Is 61665473 a prime number?
True
Is 964099 a prime number?
False
Is 7727933 a prime number?
False
Is 35116267 a composite number?
False
Is 114477361 a prime number?
False
Is 6589091 composite?
False
Is 5210549 prime?
False
Is 50171 a prime number?
False
Is 1763701 prime?
True
Is 5709167 a composite number?
True
Is 697766 a prime number?
False
Is 6024797 composite?
False
Is 3380789 a prime number?
False
Is 11822287 prime?
True
Is 45006253 composite?
False
Is 479365957 a composite number?
True
Is 547679 composite?
True
Is 5845523 prime?
True
Is 141489613 a prime number?
True
Is 549407 a composite number?
True
Is 14635487 a prime number?
False
Is 10560091 a prime number?
False
Is 7965437 a composite number?
True
Is 9646681 prime?
False
Is 269065 composite?
True
Is 168874397 a prime number?
True
Is 3481355 a composite number?
True
Is 204120289 a composite number?
False
Is 49741231 a prime number?
True
Is 12941671 composite?
False
Is 5499389 composite?
True
Is 2389341 composite?
True
Is 180033335 a prime number?
False
Is 6513487 prime?
False
Is 8496491 composite?
False
Is 2264177 prime?
True
Is 55442239 composite?
False
Is 112164037 composite?
False
Is 93813758 a prime number?
False
Is 155984135 prime?
False
Is 28522177 a prime number?
True
Is 6710693 prime?
False
Is 1141061 prime?
True
Is 4905449 composite?
True
Is 17777227 a prime number?
False
Is 1135913 a prime number?
True
Is 18097727 composite?
True
Is 229763509 a composite number?
True
Is 637129 composite?
False
Is 37163195 a prime number?
False
Is 44856551 a composite number?
True
Is 6285553 a composite number?
False
Is 49570511 composite?
True
Is 1993279 a composite number?
True
Is 1107721 a composite number?
False
Is 193073537 prime?
False
Is 43524413 composite?
False
Is 8115161 a prime number?
False
Is 11003183 composite?
False
Is 128667277 a composite number?
True
Is 15124643 a prime number?
False
Is 71136253 composite?
False
Is 900887723 a composite number?
False
Is 238253 a prime number?
False
Is 22875761 composite?
True
Is 386297 a composite number?
False
Is 307029623 prime?
True
Is 23018258 prime?
False
Is 55075141 a composite number?
True
Is 4145111 a composite number?
False
Is 9281345 a prime number?
False
Is 6405841 composite?
True
Is 8714857 composite?
False
Is 22454891 a prime number?
False
Is 1005843 a composite number?
True
Is 77042509 a prime number?
False
Is 68488487 composite?
False
Is 67955537 a prime number?
False
Is 1789829 a prime number?
True
Is 127269033 a prime number?
False
Is 39748051 a prime number?
False
Is 285902899 a prime number?
False
Is 1934518 prime?
False
Is 16691471 composite?
False
Is 4001321 composite?
True
Is 5684329 a composite number?
True
Is 1566923 composite?
False
Is 310478123 prime?
False
Is 152247629 a prime number?
True
Is 245821 a prime number?
True
Is 5965259 composite?
True
Is 23412509 composite?
False
Is 582478507 a composite number?
True
Is 37456267 composite?
False
Is 26852297 composite?
False
Is 90636277 a composite number?
False
Is 10659899 prime?
True
Is 2895103 a composite number?
False
Is 50552311 a prime number?
True
Is 2092985 prime?
False
Is 445453201 a prime number?
False
Is 42513193 composite?
True
Is 191528357 a composite number?
False
Is 1452917 a prime number?
False
Is 72041651 a composite number?
True
Is 168469663 a prime number?
False
Is 2149802 a composite number?
True
Is 1142920547 a composite number?
True
Is 248533 composite?
False
Is 286946011 prime?
False
Is 519971 prime?
True
Is 3166498 a composite number?
True
Is 682901 prime?
True
Is 2621551 a prime number?
True
Is 2822791 prime?
True
Is 2231961 composite?
True
Is 34892105 a composite number?
True
Is 128483023 a composite number?
False
Is 2799361 composite?
False
Is 345221 prime?
True
Is 5091793 a composite number?
True
Is 3217547 a prime number?
True
Is 14597438 a composite number?
True
Is 1931 a composite number?
False
Is 588619 composite?
False
Is 2009443 a prime number?
False
Is 462192737 prime?
False
Is 12893 prime?
True
Is 85528057 a prime number?
True
Is 279446747 a prime number?
True
Is 5003003 a composite number?
False
Is 509063 composite?
False
Is 3832481 prime?
True
Is 10798243 prime?
True
Is 741832571 composite?
False
Is 496787677 a composite number?
True
Is 718897 prime?
True
Is 4473897 prime?
False
Is 829789 a composite number?
False
Is 6270517 composite?
True
Is 855649 a prime number?
False
Is 5174177 a prime number?
True
Is 675289 a composite number?
True
Is 116869889 composite?
False
Is 294296267 a prime number?
False
Is 31151117 a prime number?
True
Is 18182951 a composite number?
False
Is 24240089 a composite number?
True
Is 3995426 a prime number?
False
Is 200132533 a composite number?
True
Is 5333893 prime?
False
Is 27427 composite?
False
Is 184218329 a composite number?
False
Is 34237534 a prime number?
False
Is 5349391 composite?
True
Is 16634171 composite?
False
Is 505127 prime?
False
Is 158499791 a composite number?
False
Is 3729361 prime?
False
Is 61297207 prime?
True
Is 4180541 composite?
False
Is 45281713 composite?
False
Is 1441837 composite?
False
Is 14155283 prime?
False
Is 518805701 a composite number?
False
Is 1060861 prime?
True
Is 517977497 a composite number?
True
Is 36784963 a prime number?
False
Is 28801523 a prime number?
True
Is 2423789 prime?
True
Is 10476901 a prime number?
False
Is 19654022 composite?
True
Is 61833469 a composite number?
True
Is 2646053 prime?
False
Is 152824601 a composite number?
False
Is 33411353 composite?
False
Is 12669695 prime?
False
Is 425310194 prime?
False
Is 11968333 composite?
True
Is 140066